(44 - -8))
-46
Calculate 11 + (-1 + 0 - -16) + (-6 - -55).
75
Calculate 64 + -2 + (-6 - -2 - 18) + -46 + 58.
52
Evaluate 11 - (-14 + 11) - (15 - 11) - (0 - -20).
-10
Calculate -15 - ((-24 - -3) + (-21 - -30)).
-3
(-88 - -24) + 36 - 111 - -37
-102
29 + -4 - (-36 - -45)
16
Evaluate -6 - (-30 + 1 - (-78 + 10 + 54)).
9
Calculate 40 + (-11 - 46) - (1 + -4 + 3 - 9).
-8
Calculate 4 - (8 + -12 - 4) - (-35 + 5).
42
What is the value of 8862 + -8992 - ((-15 - 2) + -2)?
-111
What is (199 + 65 - 147) + -40 + -2?
75
What is 58 + -44 - -6 - (0 + -25)?
45
(35 - 37) + 6 + (-1 - -24)
27
What is (-88 - -15) + 179 + -44?
62
Calculate -24 - (17 + (-4 - 4)) - (-1 + 2).
-34
What is 14 + 51 - (-36 + 9 + 23)?
69
Calculate 99 + -101 + (2 - 2) + 11 - -30.
39
Evaluate -1 + -1 - 2 - (-81 + (39 - -16)).
22
Evaluate -12 - -1 - (1 + -18 + 2 + (-592 - -652)).
-56
Evaluate (-1 - 18 - (-496 + 463)) + -26.
-12
Evaluate -6 - -7 - -3 - -4 - (-7 + 0).
15
Evaluate -13 + (-4 - (22 + -45 + -5)) - 31.
-20
What is the value of -15 + 66 + -52 - (-14 - 0) - 32?
-19
Calculate -15 + 3 + -11 + -23 + -31 + 11.
-66
Calculate (3530 - 3510) + (-1 - 9).
10
Evaluate 11 - (-8 - -1 - (707 + -708)).
17
What is 14 + (-2 - 10) + -31 + 14 + 5?
-10
2 + 3 + 170 + -30 + -21
124
What is the value of 162 - 53 - (50 - 20)?
79
-368 + 382 + (0 - 39) - 11
-36
Calculate -3 + 6 + 0 + -88 + -23 + (20 - -2).
-86
(50 - 69) + (-6 - -56)
31
What is 40 + (6 + 3 - (16 - 16))?
49
Calculate 3 + (-8 - (-37 - -36 - (1 - -1))).
-2
Calculate (-150 - -10) + 304 + -221.
-57
Evaluate (-86 - -107) + (5 - (54 + 3)).
-31
What is 20 + (-154 - -44) + 37?
-53
What is the value of 135 - 58 - 162 - -35?
-50
What is the value of 164 - 37 - 31 - (2 - -2) - 20?
72
What is the value of -10 + (-10 - -5) + 2 + 14 + 9?
10
What is (-28 - 11) + (-24 - -49)?
-14
What is the value of -11 - ((39 - 79) + 26)?
3
Calculate 29 - (-5 - (-18 - (27 - 16)) - 12).
17
What is 3 - -86 - (-203 - -111 - -110)?
71
Calculate -109 + -23 + (-23 - -16) - (-24 - -1).
-116
Calculate (-16 - (146 - 49)) + 32.
-81
Calculate -43 + (71 - 64 - -58).
22
Calculate 85 + (-29 - -12) - (-4 - (-2 + (-5 - -1))).
66
Calculate 0 + 19 - ((2 - -10) + 4 - (295 + -280)).
18
Evaluate (-1 - 1) + 33 + -717 + 708.
22
What is the value of 44 + 52 + -74 + 71?
93
What is the value of 30 - (-143 + 67) - 24?
82
What is (5 - (4 + 0)) + 168 + -76 + 0 + 7?
100
Calculate -3 + -5 + -2 + -6 + 5 - 13.
-24
(-24 - 2) + (14 + -7 - (2 + (1 - -1)))
-23
Evaluate -11 + -22 - -33 - (-24 + 4) - -32.
52
What is -12 + -1 + (1867 - 1965 - (0 + -17))?
-94
-46 + (78 - 59 - 11)
-38
Calculate (-47 + -45 - -75) + (0 - -74) - 6.
51
Calculate 547 - 500 - (-13 + (6 - 0)).
54
1 + (-30 + 85 + -34 - (1 - -6) - 83)
-68
What is the value of (-36 - (-86 - -35)) + 9?
24
Evaluate -79 - (181 - 98 - 279).
117
Calculate -13 - (3 + -3) - (-1305 - -1165).
127
Evaluate -4 + -1 - (-18 + (1 - -11 - 4)).
5
What is 23 - (35 + 0 + 18) - (-8 - -2)?
-24
What is the value of 100 + -107 + (-1 - 1)?
-9
What is the value of (-27 - -3 - -19) + 3 - -9?
7
Calculate -10 - (2 - 17 - -2 - -17) - 35.
-49
Calculate (9 - (-26 + 10 - -23) - 15) + -7.
-20
What is (4 - 15 - -7) + -40 + (6 - (-10 + 26))?
-54
What is the value of -54 - (-284 - -234) - ((-1 - 63) + 0)?
60
Evaluate -7 + 0 + 1 + 13 + (-22 - -27).
12
(-1 - -31) + 3074 + -3093
11
Evaluate -63 - (9 - (-11 + 39 + 0)).
-44
What is the value of (-13514 - -13535) + 1 + -158 + -3?
-139
Calculate 6 - 28 - (105 - 166).
39
What is (-25 - (7 - 75)) + (-4 - 21) + (-13 - -1)?
6
Evaluate (-39 - 25) + (-2 - (9 - (-18 - -33))).
-60
((57 - 24) + -36 - 15) + 89
71
-16 + (-5 - 4 - -15) + 32
22
Evaluate 1 - (5 + -3 - (-19 + 0 + 25)).
5
What is the value of -49 - (44 + (-145 - 4))?
56
What is -2 - (38 + (3 - -4 - 2) + -9)?
-36
Calculate 20 + (-54 - (-38 - -41)).
-37
Calculate (1174 - 1144) + -76 + 1.
-45
What is the value of -51 - (10 + -61 + -4)?
4
What is -3 + -21 + 37 + -18 + 67 - 17?
45
What is the value of (0 - -6) + (-29 - -43 - (3 + 11)) + -20?
-14
(-17 - -2) + (74 - (51 + -1))
9
-8 + (-8 - (-1 + 2)) + -9 + 17 - 7
-16
72 - 81 - (3 + 10)
-22
What is the value of -6 - (-10 + -11 + 7 + 34)?
-26
What is 1 + -197 + (-43565 - -43698)?
-63
What is the value of 8 + -17 + (5 - -12) + -9?
-1
What is 3 - (11 - (-1 - (-6 + -6 - -6)))?
-3
151 + -126 - (-16 - (-22 - -10))
29
What is -12 - (-26 + -129 + 120 + (-1 - -10))?
14
What is the value of 26 + -38 + 50 - -8?
46
Evaluate -13 + 0 + (18 - 8) + (-18 - -12).
-9
Calculate 134 + (-75 - 27) - (-8 - (-1 + 2)).
41
(69 - 31) + -22 + -12 + -5
-1
What is -24 + 19 - (5 + 36 + -9 - 5)?
-32
What is 67 - 197 - (-237 + -7)?
114
29 + -7 + (-64 - (0 + (-7 - -3)))
-38
What is the value of 88 + (-6 - 40) + 19?
61
Calculate -18 - (-10 - 3) - (-6 - 52).
53
17 + -12 + 17 + -1 + 10
31
147 + (-127 - -10) + 22
52
Evaluate 4 - (1 + -3 + -1 + 23).
-16
Evaluate 19 - (-5 + 1 + (-416 - -434)).
5
What is the value of -16 - ((11 - (15 + 5)) + -2)?
-5
What is 3 - (1 + -1) - 2 - (5 + 15 - 24)?
5
Evaluate 16 + (71 - (1 - 0) - (-10 - (-27 + 16))).
85
Evaluate (-38 - (-40 + 46) - -47) + 2.
5
Calculate (-2 - (-4 + 40)) + 20 + (8 - 41).
-51
What is the value of -14 - -55 - (1075 + -1072)?
38
What is (17 - -2) + -23 + -6 + 49?
39
Calculate (-1767 - -1790) + (5 + -1 - -20).
47
4 - (-2 + (2 - 22) + (59 + -37 - 29))
33
Evaluate -2 - (-16 - -58) - (-21 + 3).
-26
Calculate (-14 - (-111 + 25)) + -17 + -2 + -12.
41
Calculate -5 + 2 - 5 - (-1 + -12) - (-66 - 26).
97
What is (61 - 9) + -21 + 4?
35
Calculate 46 + -3 + (3 + 1 - 8) + (0 - -3).
42
Calculate -76 + 2 - (10 + (-7 - (-10 + 0 - -8))).
-79
Evaluate (-1 - -21) + (79 - 29) + -62 + 83.
91
(-36 + 15 - 2) + 34 + -62
-51
Calculate (-74 - (-6 + 2)) + 720 + -706.
-56
What is -57 - -3 - (-4748 - -4665)?
29
What is the value of (-10 + 23 + -33 - (2 + -8)) + 20?
6
What is the value of (139 - 71 - 20) + -93?
-45
What is the value of 35 + -32 + -18 + -17 + 41?
9
What is 4 + -15 - 16 - 54 - -9?
-72
-6 - 4 - ((-19 - -20) + -15 - -8)
-4
Evaluate -44 + 49 - (9 + 34 - -6).
-44
21 + (-40 + 26 - 27) + -22
-42
What is -34 + 0 + (-4 - 1) - ((2 - 8) + 3)?
-36
Calculate (27 - (-19 + 14)) + -91 + -14.
-73
Calculate -4 + -7 + (-2 + 0 - 4 - (-40 - -39)).
-16
What is 237 + -472 - -273 - (2 - -128)?
-92
Calculate (1 - (-3 - -27)) + (85 + -41 - 45).
-24
What is -2 + (-15 - -10) + (-4 - -3) - (5 - -14)?
-27
What is the value of -45 + 45 + (-192 - -101)?
-91
Evaluate (54 - 48) + 15 + 8 + -6.
23
What is (5 - -31) + (4 - 12)?
28
Evaluate -46 + -1 + 0 - (5504 + -5539).
-12
Calculate -11 + 0 - (35 - (127 - 49)).
32
10 + -18 + (-21 + -12 + 29 - (-16 + 0))
4
Evaluate (14 - 7 - 14) + -138 + 231.
86
-51 + -44 + 58 - 19
-56
(10 - 21 - -14 - 1) + (48 - 2 - 0)
48
Calculate 1 - (-2 + 0) - (6 + -6 - (42 + 3)).
48
Evaluate 75 + (21 + -11 - (-15 + 33)) - -9.
76
Evaluate -22 - -23 - ((-12 - -15) + 33).
-35
What is the value of -111 + 146 + 13 + -40 + 1?
9
Evaluate (-6715 - -6929) + -68 + -1.
145
What is 1650 + -1746 - (7 - 28)?
-75
Evaluate (-59 + -22 - -62) + -20.
-39
Calculate 40 - (-25 + 3 + -8 + 36 + -27).
61
Calculate 322 + -153 + 105 - 166.
108
What is the value of 35 - (-61 + 67 - -20)?
9
What is the value of -7 + -11 - (9 - 44 - -32)?
-15
What is the value of -1 + 1 + (32 - ((8 - 17 - 9) + -1))?
51
What is the value of (-19 - 1) + 4 + -43 + 79?
20
What is (-2466 - -2531) + (-139 - -1)?
-73
Calculate 28 + -1 - (769 - 695).
-47
Calculate (21 - 1 - -7) + -10 - -56 - 7.
66
What is the value of (-5 + 7 - (2 - 2)) + (0 - -68) + -1?
69
Evaluate 42 - 2 - (-22 + -14 - -34).
42
Calculate -23 - (-7 + (-1 - (12 - -6)) + -4).
7
Evaluate (-16 - -3) + 5 + (-46 - -14) - -13.
-27
Evaluate (-592 + 597 - (-1 + -3 - 0) - -36) + 6.
51
(48 - 15) + -30 + (11 - (1 + -9))
22
What is the value of (79 - 68) + 41 + -22?
30
Evaluate (20 - 12) + -10 + 52.
50
Evaluate -11 + 101 + -31 + -41.
18
Calculate -50 + (57 - 53) - -3.
-43
What is 11 + 83 + -58 - (-2 + -5)?
43
Calculate -18 + -1 + 15 + (-76 - -57) + -4.
-27
What is -83 - (-2 + (14 - 76))?
-19
Evaluate (2 - 7) + 13 + -9 + -20 - -45.
24
Evaluate ((-3 - 33) + 24 - (-30 - -7)) + -69.
-58
What is -10 + (-28 - -6 - (8 - 15)) + 156 + -15?
116
What is the value of 2717 + -2769 + (-2 - -66)?
12
Calculate 17 - ((-26 - (-33 - -13)) + 19).
4
Evaluate -6 - ((0 - 8) + (39 - 19 - (0 - 2